s the value of (-5 - (-2 - 6)) + (-12 - -5)?
-4
What is 4 - (2 + -6 + 4)?
4
1 - (0 - ((6 - 3) + -2))
2
What is the value of -4 + (-5 + 1 - -6) - -4?
2
What is the value of (-5 - 0 - -6) + -3 + 2?
0
Calculate 8 + -10 - (0 - (2 - -2)).
2
11 - (-8 + 22) - 5
-8
Evaluate 2 - 12 - (-7 + (-2 - -5)).
-6
-5 - (0 - (-1 + -1 + 4))
-3
-2 - -3 - -8 - 7
2
What is the value of -8 - (-1 - 1) - (17 - 20)?
-3
Evaluate (-3 - -5) + -3 + 1 - 3.
-3
What is -8 - (7 - 11) - -5 - 6?
-5
Calculate -1 - 0 - 2 - (-12 + 8).
1
What is the value of 5 + (-4 - (-3 - -1))?
3
Calculate -2 + (7 - (-3 + 0 + 10)).
-2
Evaluate -5 + 12 + -6 - 7.
-6
What is (-12 - (2 - -4)) + 9?
-9
-1 + 1 + 2 + -6
-4
Calculate (2 + -2 - -1 - 4) + 0.
-3
Evaluate (10 - (4 + -9)) + -1 + -5.
9
Calculate -10 - 1 - (76 + -86).
-1
What is the value of 14 + -30 + 8 + (-1 - -3)?
-6
What is the value of 1 - (4 + (-6 + 4 - -8))?
-9
Evaluate 1 + (-1 - 2) - 3.
-5
Evaluate (1 - 4) + (12 - 9).
0
What is -3 - (-7 + 4 + 5)?
-5
Calculate 0 + 7 + -5 + -2.
0
133 - 133 - (-1 + -3)
4
What is the value of -3 + (-2 - -12) + -3 + 0?
4
What is the value of 2 + (-2 + 3 - 2 - 0)?
1
What is -1 - -1 - 0 - (12 + -9)?
-3
What is 23 + -12 + -4 + -5?
2
What is -1 + -2 - (-7 - (-3 - -3))?
4
What is 0 - -2 - (5 - 5)?
2
Evaluate (4 - 1) + (3 - 9 - 0).
-3
6 - (-9 + 2 - -17)
-4
What is the value of (3 + (3 - 2) - 1) + 2?
5
-3 - (-5 - 5 - -3)
4
Calculate -1 - (9 - 20) - 4.
6
Evaluate -3 - (-5 + 10 + -12 + -1).
5
Calculate 4 - (7 + (7 + -4 - 0)).
-6
Calculate -2 + 8 + -11 + 2 + -1.
-4
Evaluate 1 - (-2 - -1 - -6).
-4
What is the value of (-5 - -1 - (-15 - -12)) + -2?
-3
What is the value of -7 - (-3 + (-3 - -4) - -3)?
-8
Calculate (1 - -2 - (4 + 0)) + 7.
6
Evaluate (0 - -2) + -2 + 32 + -38.
-6
-2 + -2 + (-6 + 3 - -6)
-1
What is the value of 0 - (-1 + (-3 - (0 - 0)))?
4
Evaluate (158 - 145) + (1 - 10).
4
What is the value of (5 - (1 - 7 - -8)) + -5?
-2
Evaluate -11 + 19 + -11 + 5.
2
Evaluate 3 + -5 + 2 + 1.
1
What is the value of -4 + 11 + 0 + -3?
4
5 - (-6 - (3 - 8))
6
(2 - (1 + -1)) + -24 + 17
-5
Calculate (8 - 6) + -4 - -8.
6
(14 - 25 - -15) + (4 - -1)
9
Evaluate -2 - -6 - (1 + 4).
-1
What is 13 + -3 + (16 - 26)?
0
-3 + (-2 - (-10 + 6) - -5)
4
Calculate 1 + 0 + 2 - (3 + 2).
-2
What is the value of -7 + (1 - 0) + (-7 - -4)?
-9
What is the value of 2 - 5 - 4 - -5?
-2
What is 0 - (-5 - -7 - 2)?
0
(-2 - 2) + 2 + 2
0
Evaluate (5 - 13) + 3 - -1.
-4
Calculate 1 + (-4 - (-7 - -2)) + -4.
-2
4 + (1 - 2) + -40 + 42
5
What is -10 + -6 + 0 + 14 + -4?
-6
What is the value of (0 + 1 - 0) + -3?
-2
What is (1 - 6) + (-2 - 2 - -9)?
0
Calculate (-2 - 6 - (1 - 6)) + 0.
-3
Calculate 1 + 6 - (-17 - (-45 + 23)).
2
What is the value of -3 + 1 + -6 + (7 - 10)?
-11
Evaluate 0 + -1 + 3 + 3.
5
2 - 7 - (0 - 2) - 2
-5
-16 + 5 + (5 - 1)
-7
What is the value of -20 - -27 - (-1 - -10 - -3)?
-5
Evaluate (16 - 19) + (-1 - -6).
2
What is the value of -1 + 1 + (3 - (3 - -1))?
-1
1 + -6 + 3 - 0
-2
(-8 - (3 + -10)) + (2 - 6)
-5
2 - 4 - (2 - 4)
0
Evaluate -3 + 0 + 4 - (1 - 2).
2
Calculate (-1 - -2) + 2 + -6.
-3
What is the value of 0 + 3 - (-30 - -33)?
0
What is the value of 6 + (-1 - 0) + (0 - 2)?
3
What is the value of -2 + (-15 - -14 - (-2 + -2))?
1
What is -107 + 116 - (4 + 1)?
4
What is 0 + -7 + 5 + 1 + 3?
2
What is -4 - (-3 + -1) - 0?
0
What is the value of 5 + -1 - (4 + 8 + -6)?
-2
What is -23 + (6 - -8) + (-1 - -9)?
-1
What is the value of -5 - (9 - 11 - (-2 + 2))?
-3
What is 3 - (-3 - -4) - (-9 - -6)?
5
Calculate -1 + 1 - (2 + -9) - 2.
5
What is (1 + -5 - 3) + -6 + 11?
-2
-4 + 8 + 4 + -4 + -7
-3
What is -2 + 14 + -13 + 7?
6
What is 1 + -5 - -4 - 2?
-2
Calculate 0 - 0 - (-32 - -34).
-2
Evaluate -11 - ((-15 - -5) + -4).
3
Evaluate -7 - (0 - (-6 + -7 + 14)).
-6
Evaluate (3 - 4) + (2 - (1 + 0)).
0
-2 - (5 + -5 + 1)
-3
What is (-16 - -9 - -6) + -7?
-8
-766 - -770 - (1 + -1 + -6)
10
What is the value of 0 - (-5 + 4 - (0 - -4))?
5
Calculate (0 - 3 - -1) + (8 - 4).
2
What is -4 + 1 + (3 - 0)?
0
-7 - ((-11 - -3) + 5)
-4
What is the value of 2 - (-9 + -3 + 6)?
8
Evaluate -9 + (7 - 3 - 0) - -1.
-4
What is 1 - -3 - (15 - 14)?
3
Evaluate 10 - (22 + -11 + 3).
-4
Evaluate (-2 - 3) + 9 + -1.
3
What is the value of -3 + 0 + 3 - -5?
5
(-1 - 6) + (-78 - -80)
-5
What is the value of 9 + -2 + -3 + -5?
-1
((-2 - 1) + 3 - 3) + 2
-1
Evaluate (-2 - -1) + (-3 - 4) + 8.
0
Calculate (4 - -3) + 3 + -5 - 8.
-3
What is the value of -16 - ((-12 - -15) + -15)?
-4
Evaluate (-14 - -23) + -12 - (7 - 0).
-10
What is -5 - (0 - 2 - -2 - 1)?
-4
2 + 5 + (-24 - -23)
6
What is 2 + -13 - (-6 + 0)?
-5
3 + 3 - (7 - (-1 + -4))
-6
What is -1 + 0 + 3 - (12 - 6)?
-4
What is (25 - 14) + -3 + -2?
6
Calculate -2 - (-1 + -11 + 2).
8
What is (1 - -7) + -5 - (2 + 0)?
1
What is the value of 1 - (-8 - -4 - -11)?
-6
What is (4 - 0) + 13 + 2 + -17?
2
What is the value of 4 - ((-7 - -4) + 2)?
5
What is the value of -4 + 0 - 0 - 0?
-4
-10 - (-3 - (3 + -3))
-7
Evaluate 3 + -5 + (-2 - 1).
-5
Evaluate -4 - (2 + -3) - (-2 - -2).
-3
What is (-6 - -1 - -5 - 7) + 2?
-5
12 - (13 + 5 + 1)
-7
What is 1 + -18 + 13 - 3?
-7
Calculate -5 + -2 + 4 - -6 - 3.
0
Calculate 1 + 6 - (-2 - (0 - 7)).
2
Calculate -6 - (2 + 2 - 6) - -11.
7
Calculate (1 - 0) + -2 - -5 - 4.
0
What is the value of (-5 - -2 - -2) + (-29 - -37)?
7
What is the value of -8 + 3 + 1 + 1?
-3
Calculate -17 + 13 - 7 - -2.
-9
4 + -4 - -2 - (-1 + 2)
1
Evaluate -142 + 154 + (-23 - -1).
-10
What is (14 + -2 - 8) + -7?
-3
Calculate 1 + -4 + -11 + 13.
-1
Calculate 7 - (-6 - -20) - (2 - 4).
-5
What is the value of -2 + -10 + (-7 + 10 - -4)?
-5
What is the value of 3 + (-6 - -8) + -2 + -1?
2
(-4 - (0 - (0 + 1))) + 4
1
Evaluate 3 + -9 - (-3 + -2).
-1
What is (14 - 19) + (5 - -3)?
3
Calculate -4 - (2 + 0 + 2 + -6).
-2
What is the value of 3 - (0 - (-2 + (-1 - -2)))?
2
Calculate 4 + 2 + (11 - (-3 + 20)).
0
What is 7 + (-11 - (14 + -10))?
-8
Calculate (8 + -3 + -1 - 9) + -1.
-6
Evaluate 3 + (4 + -6 - 3).
-2
Evaluate 2 + (-2 + 1 - 5).
-4
Evaluate ((-4 - -5) + -8 - 4) + 1.
-10
Calculate 12 + -13 - (-1 + 3).
-3
(0 - 6 - -8) + -4
-2
Calculate (3 - 2 - (9 + -3)) + 0.
-5
(-1 - 1) + 5 + (8 - 10)
1
Calculate 4 + -1 + -22 + 18.
-1
What is (10 - (-5 - -7)) + -3?
5
What is (5 - 5) + (3 - 2)?
1
-13 + 6 + (0 + 1 - -2)
-4
Evaluate 17 - 8 - (8 - 2).
3
Calculate -1 - ((-16 - -12) + 1 + 3).
-1
What is the value of 1 - ((-2 - 3) + 3 + 6)?
-3
-9 + 10 - (-1 - 3)
5
Calculate 5 - (-4 + (-5 - -8) - -7).
-1
Evaluate 14 - (-11 - -10) - 8.
7
What is the value of -3 + 0 - -2 - (-23 + 27)?
-5
Calculate -2 + 6 + 2 - (-2 - -2).
6
Calculate (-6 - (-6 + 3)) + 1 + -1.
-3
Evaluate -1 - -2 - (0 - -1).
0
What is -13 - -12 - (-1 - -1)?
-1
Calculate -1 + -6 + 0 + -1 + 5.
-3
-2 + -5 + (-1 + 3 - -2)
-3
Evaluate -2 + (5 - (9 + 0 + -6)).
0
What is -11 + (-2 - (-19 + 4))?
2
What is the value of 0 - -7 - (-6 - -10)?
3
What is 18 + -16 - (-4 + (0 - -2))?
4
(1 - 0 - (20 - 21)) + 2
4
Evaluate 6 + -9 + (-3 - -10).
4
0 - (5 + 4 + -9 + 7)
-7
Evaluate 12 - (12 + -1) - (2 + 2).
-3
What is (0 - -4 - 1) + -5?
-2
Evaluate 2 + 7 + -8 + 4.
5
Calculate -4 + 7 - 9 - (2 + -5).
-3
What is the value of 10 + -10 - 6 - (-1 - 0)?
-5
(4 - 0) + (-1 - (3 - 5))
5
What is (-12 - -7) + 10 + -3?
2
What is the value of -17 + (-8 - 1 - -19)?
-7
What is the value of (0 - 3) + (5 - -3)?
5
What is the value of 2 + -2 - (-4 - -9)?
-5
1 + -1 + 38 + -43
-5
(-4 - -12) + (4 + -5 - 3)
4
What is the value of -12 + 1 - (-30 - -27)?
-8
Calculate 0 - 0 - -5 - (-3 - -3).
5
Evaluate 18 - 15 - (1 + 3) - -2.
1
Evaluate 5 + (3 + -1 - 4) - 11.
-8
Calculate -2 + -1 - (4 - (2 + 2)).
-3
Calculate 1 - (4 + -1) - (-6 + 4).
0
What is the value of (2 - 1) + -3 + 0 - -1?
-1
What is 0 + 1 + (17 - 14)?
4
What is -354 - -351 - ((0 - -1) + -11)?
7
-7 - -2 - (5 - 5)
-5
What is the value of (12 - (2 + 2)) + -4?
4
What is -4 + (1 - 3) + 3?
-3
(-3 - (4 + -3)) + 4
0
Evaluate -5 + 3 + (11 - 9).
0
What is -18 + 28 - (5 + -5)?
10
Evaluate -7 - (-4 + 4 - 2).
-5
Evaluate -11 - ((-10 - 0) + 6).
-7
9 + (-3 - 3) - 5
-2
What is the value of 10 + (-1 - 6 - -4)?
7
2 - ((2 - 1) + -1) - 1
1
Calculate -11 - (-12 - (7 - 9 - 5)).
-6
1 + (7 - (8 - -4))
-4
What is the value of (0 - -6 - 0) + -1 + -6?
-1
What is 3 + -1 - (4 - -1 - 2)?
-1
5 + (0 - (-2 - -3))
4
-3 + 11 + 3 + -4 - 1
6
Calculate -4 + 2 - (2 + -8).
4
1 + (